 -5*h. Suppose s*f - r = 3*f - 13, 6 = -2*f + 3*r. Suppose -5*u + 0*u = -15. Calculate the greatest common divisor of f and u.
3
Let a(f) = 3*f**2 + 113*f - 653. Let r be a(-75). Calculate the greatest common factor of r and 127.
127
Let n = 1806 - 1777. Suppose 2*r - 470 = 284. Calculate the highest common factor of r and n.
29
Let u(i) = 133*i**2 + 26*i - 25. Let p be u(1). What is the greatest common divisor of p and 3886?
134
Suppose 3*b = -0*b - 252. Let q = b - -86. Suppose 10 - 50 = -q*w. Calculate the greatest common factor of w and 5.
5
Let u(h) = 4*h**2 + 3*h + 14. Let w be u(-5). Suppose 42*x + 10 - 472 = 0. Calculate the greatest common divisor of w and x.
11
Let n = -430 + 422. Let u be 9 + n - (-312 + (-1 - -2)). Calculate the greatest common factor of 24 and u.
24
Let t = -6 + 305. Suppose -2*b - 4*i - 66 = -4*b, -3*b + 3*i = -84. What is the highest common factor of t and b?
23
Let v(j) = j**2 + 35*j + 531. Let w be v(-43). Let o = -132 - -167. Calculate the highest common factor of o and w.
35
Suppose 0 = 4*g - 4*b - 260, -5*b = g - b - 65. Let x be -2*(-25)/(-10) - -11. Suppose -x*v = -15*v + 117. What is the highest common divisor of g and v?
13
Let v = 132 + -124. Suppose 47 = 11*l - v. Calculate the greatest common divisor of 65 and l.
5
Let g = 705 + -705. Suppose g = -16*r + 21*r - 70. Calculate the greatest common divisor of 7 and r.
7
Suppose -4*q = -686 - 342. Let y = q + -249. Suppose -5*f + 0*z + z + 139 = 0, 0 = f - 4*z - 24. Calculate the highest common divisor of y and f.
4
Let z be (-52*1/14 - -4) + (-14477)/(-217). Calculate the highest common factor of 32629 and z.
67
Let h = 3237 - 2994. What is the highest common divisor of h and 513?
27
Let z = -155 - -158. Suppose 13 + 47 = z*t. Calculate the highest common divisor of t and 5.
5
Let b(y) = 2*y**3 + 4*y + 8. Let z be b(4). Suppose -5*a = -87 + 2. Let c = 36 - a. What is the greatest common divisor of c and z?
19
Suppose 3*a - 11*a = -40. Suppose 2*k + u - 25 = 0, a*k - 79 = -2*u - 17. What is the highest common factor of 4 and k?
4
Let t = 241 - 237. Suppose 6 = t*n - 2. Calculate the greatest common divisor of n and 16.
2
Let s = 2746 + 1586. Suppose 29*l = 10*l + s. Calculate the highest common factor of l and 12.
12
Suppose 0 = -313*x - 42*x + 10403 + 3797. Calculate the greatest common factor of x and 8860.
20
Let c = -1831 + 2039. Let o be 78/((4/3)/(40/30)). What is the highest common divisor of c and o?
26
Let s be (24/(-112)*-14)/(3/218). What is the highest common divisor of 14824 and s?
218
Suppose -10 = -25*j + 20*j. Suppose 2*q = -j + 70. Suppose 2*c - 85 - 17 = 0. Calculate the greatest common factor of q and c.
17
Let x(s) = 96*s**3 + s**2 + 7*s - 5. Let m be x(1). Suppose 146*f - 135*f - m = 0. What is the highest common factor of f and 15?
3
Let t = 207 - 71. Let z = t - 76. Let y(u) = u**2 - 4. Let m be y(7). Calculate the highest common factor of z and m.
15
Let x = 40 - 37. Suppose d - 11 = 2*o, 0 = x*d + 5*o - o - 63. Suppose z - 4*u = d + 16, -z - 3*u - 2 = 0. What is the greatest common factor of z and 91?
13
Let u be 12/9*(-27)/6. Let y be u/16 + 2*44/64. Let f = -10 - -15. Calculate the greatest common divisor of f and y.
1
Let c(k) = 2*k**3 - 2*k**2 + 68*k - 216. Let q be c(3). Calculate the highest common factor of q and 696.
24
Let p = -8631 + 9956. What is the highest common divisor of 212 and p?
53
Suppose 0 = -21*a + 8437 - 2053. Calculate the highest common divisor of a and 24.
8
Let y = 26 - 2. Let n(h) = -3*h**3 + 8. Let i be n(0). What is the highest common divisor of y and i?
8
Let d be 3195/(-6)*(-600)/180. Calculate the highest common divisor of 10 and d.
5
Let y be (6844/(-531))/(2/(-9)). Suppose 0 = -4*l - 3*o + 268 + 92, -20 = -5*o. Calculate the highest common divisor of l and y.
29
Let g = -135 + 320. Suppose -2*y = -5*w + 41, 11*w - 6*w - 49 = 3*y. What is the highest common factor of g and w?
5
Let t = -578 + 637. Suppose -t + 843 = 4*f. Calculate the highest common divisor of 168 and f.
28
Suppose -103*v = -90*v - 35 - 30. Calculate the greatest common divisor of 5 and v.
5
Let a be (-5 - -6)/((-2)/(-26)). Let f(x) = -2*x**2 + 18*x + 23. Let g be f(10). Suppose -8*q = g*q - 286. What is the highest common factor of q and a?
13
Suppose 31*j + 2069 - 20469 = 572. What is the greatest common divisor of 252 and j?
36
Let s(f) be the second derivative of f**4/6 + f**3/2 - 8*f**2 - 10*f + 10. Let p be s(-4). What is the greatest common factor of 116 and p?
4
Let s(n) = 137*n - 10062. Let m be s(81). What is the highest common factor of 2645 and m?
115
Let s be 728/105*5*(9 + (-3 - 0)). What is the highest common factor of s and 112?
16
Let u = 21981 + -4503. What is the greatest common divisor of u and 54?
18
Suppose -9*x + 7*x - 2*v + 56 = 0, -5*x + 138 = 4*v. Let m(k) = 306*k + 6. Let q be m(1). What is the highest common divisor of x and q?
26
Let o be (-14790)/(-203) - 5/(-35). What is the greatest common divisor of o and 9344?
73
Let o(g) be the second derivative of 9*g**3 + g**2/2 - g. Let v be o(1). Let h be (3/12)/(12/528). What is the greatest common factor of h and v?
11
Let l be (-388)/(-16) - (-23)/(-92). Let z be (-79 + 92)*(-1 + l). What is the highest common divisor of 23 and z?
23
Let p = 1069 + -797. Calculate the greatest common divisor of 170 and p.
34
Let u(a) = 3*a**3 - 24*a**2 - 28*a + 63. Let i be u(9). Calculate the greatest common divisor of 1746 and i.
18
Let h = -344 - -553. Let f = 482 - h. What is the highest common divisor of f and 78?
39
Suppose -3*p = -y - 5*p + 129, 0 = -p - 5. Let k = 451 - y. Calculate the greatest common divisor of k and 24.
24
Let y be (4277/1974)/((-2)/(-12)). Let h(c) = 3*c**2 + 4*c. Let b be h(3). Calculate the greatest common factor of b and y.
13
Let s be -31167*((-1 - (-17)/(-3)) + (0 - -5)). What is the highest common divisor of 15 and s?
15
Let f(n) = n**2 + 4*n - 51. Let t be f(-27). What is the highest common factor of 30 and t?
30
Suppose 0*i + 4 = -2*i. Let m be (-1)/(-2) + (-43)/i. Suppose 12617 - 19751 = -912*o + 22962. Calculate the highest common factor of m and o.
11
Suppose -264*a + 3960 = -279*a. Let h = a - -268. What is the greatest common factor of h and 124?
4
Let c be (-7014)/(-30) - (-1*(-4)/10)/(-2). Calculate the highest common divisor of 27 and c.
9
Let l = 43 + -27. Let d be 18/(l/(-4) + 6). Suppose 30 = 3*t - t. Calculate the highest common factor of d and t.
3
Let l be ((-14)/(-28))/(1/80). Let v(o) = -9*o**2 - 48*o - 7. Let g be v(-5). Calculate the greatest common divisor of l and g.
8
Suppose 3*d - 2*z - 102 = 82, 3*d - 5*z = 190. Calculate the highest common factor of d and 3810.
30
Suppose -3*j + 5*o + 90 = 0, 0 = -j + 5*o + 379 - 349. What is the highest common divisor of 1095 and j?
15
Let x(z) = -3495*z + 833. Let i be x(-5). Calculate the highest common factor of 184 and i.
92
Let w = -5187 - -5662. Calculate the greatest common divisor of w and 100.
25
Let s(p) = -p**2 - 21*p - 8. Let f be s(-18). Calculate the highest common factor of f and 3266.
46
Suppose -r = -9*r - 8. Let s be (567 - r)*(-2)/(-4). Suppose 0 = 5*h - 16 - s. What is the highest common divisor of 6 and h?
6
Suppose 99*p = 108*p - 58320. Calculate the greatest common factor of 16 and p.
16
Let l(n) = -n**3 - 11*n**2 + 23*n + 30. Let f be l(0). What is the greatest common factor of f and 50?
10
Let h(x) = 2709*x - 35205. Let f be h(13). Let l(q) = 7*q**2 - 5*q + 4. Let j be l(4). What is the greatest common divisor of j and f?
12
Let r = -960 - -1160. What is the highest common divisor of r and 8?
8
Suppose h + 9 = 3*j, -4*j - 2*h = j - 26. Let v = -55 + 67. Suppose 0 = -33*o + 32*o + v. What is the greatest common divisor of o and j?
4
Let p be (47/235)/(9/135). What is the highest common divisor of p and 333?
3
Let j(t) = -4*t - 21. Let z be j(-8). Let n = z + -7. Let x be (4 - (-245)/20) + (-1)/n. Calculate the greatest common divisor of 8 and x.
8
Let a = 6 - 0. Suppose 10 - 4 = a*w. Let s be (w - 2/4)*18. Calculate the greatest common divisor of s and 144.
9
Let z = -2093 + 2128. Calculate the greatest common factor of 115 and z.
5
Let g = -247 + 419. Suppose g - 68 = 2*z. What is the highest common divisor of z and 130?
26
Suppose -3*i + 24096 + 75